1426877 (base 9) to base 7
6452053
Convert -12638045 (base 9) to base 5.
-3043210301
What is 699297 (base 10) in base 3?
1022112020220
What is -31140311 (base 6) in base 13?
-256594
What is -57520c (base 13) in base 16?
-1f8d0f
What is 6177173 (base 8) in base 2?
110001111111001111011
657bc (base 14) to base 9
414100
Convert -3962821 (base 10) to base 6.
-220534221
What is -3bae3 (base 15) in base 5?
-22111323
What is 60366 (base 14) in base 5?
24344144
What is -2ac130 (base 14) in base 8?
-5543756
What is 11b589a (base 14) in base 5?
4134132420
-723460 (base 8) to base 12
-b6668
-4150024 (base 11) to base 12
-25504ba
Convert -423321400 (base 6) to base 10.
-7444584
What is 257445 (base 10) in base 2?
111110110110100101
27ce9 (base 15) to base 7
1041402
Convert 1b84a05 (base 12) to base 5.
3002204011
4051300 (base 7) to base 6
14204311
Convert 111101101100010000 (base 2) to base 10.
252688
Convert 2121112022011 (base 3) to base 9.
2545264
1111100100111010000 (base 2) to base 15
a137b
-3103121110 (base 4) to base 12
-359104
-1056124 (base 8) to base 10
-285780
What is 26457442 (base 8) in base 10?
5922594
What is 845468 (base 13) in base 10?
3096335
-2200001111 (base 3) to base 14
-15200
Convert 15457361 (base 8) to base 2.
1101100101111011110001
What is -1011001111000100100011 (base 2) in base 4?
-23033010203
691732 (base 10) to base 11
432788
What is -1559b (base 15) in base 9?
-114302
Convert 178470e (base 15) to base 14.
23bb53d
Convert 1565291 (base 11) to base 16.
28c42b
What is -208916 (base 13) in base 9?
-1380765
Convert a065d0 (base 14) to base 9.
11133656
-1100110001100110001 (base 2) to base 7
-3362302
-802605 (base 12) to base 2
-111100111000011100101
4a6a (base 15) to base 10
15850
223969 (base 10) to base 8
665341
Convert -2974b63 (base 12) to base 6.
-455143403
-3285 (base 13) to base 5
-211123
What is -43415551 (base 7) in base 9?
-6887137
Convert -12213300130 (base 4) to base 11.
-a86077
113103100223 (base 4) to base 6
334530415
Convert 1baded (base 15) to base 2.
101001010010110111100
What is -23202002 (base 5) in base 12?
-a138b
What is -1121101123 (base 4) in base 9?
-616527
What is -212a16 (base 11) in base 16?
-53298
-330023 (base 8) to base 4
-123000103
203132102011 (base 4) to base 14
1340c3b
What is 15520253 (base 6) in base 16?
87729
Convert -a533d (base 16) to base 4.
-2211030331
Convert -be10e (base 15) to base 13.
-182117
What is 200212321 (base 5) in base 8?
3003755
Convert -5444730 (base 9) to base 6.
-142353043
Convert -2332060 (base 7) to base 9.
-486727
Convert -101314630 (base 7) to base 3.
-102011121222101
-240041052 (base 6) to base 15
-5d8aa8
-224024 (base 7) to base 3
-2000121022
What is -33154221 (base 6) in base 2?
-11110010111010100101
-5160323 (base 7) to base 4
-2113101212
What is -45664452 (base 7) in base 12?
-140a486
-11210403 (base 5) to base 4
-120211320
12120232 (base 4) to base 9
38784
-702079 (base 11) to base 4
-10103321321
1023316 (base 11) to base 6
102405252
151042105 (base 6) to base 9
5802675
Convert 1033357 (base 9) to base 7.
4464004
-11103310031 (base 4) to base 16
-153d0d
Convert -1408881 (base 10) to base 3.
-2122120121210
Convert 27689 (base 14) to base 2.
10111110000111001
-101001110001100101 (base 2) to base 16
-29c65
What is 4136821 (base 9) in base 8?
10333401
What is -58103 (base 12) in base 4?
-130232103
Convert -7367552 (base 8) to base 4.
-13132331222
Convert -21020222210 (base 3) to base 10.
-142878
What is 1a81014 (base 11) in base 6?
203010121
-3f6d4 (base 16) to base 15
-51e9b
2406b16 (base 13) to base 15
ea4ca0
2d78b (base 14) to base 11
78716
What is -463623 (base 8) in base 4?
-212132103
-6b0507 (base 12) to base 6
-100523211
-32208d (base 15) to base 3
-11111020022221
Convert 174331 (base 9) to base 14.
2b5bd
What is 87732 (base 13) in base 5?
30320331
-1020110 (base 3) to base 8
-1607
Convert -331144111 (base 5) to base 14.
-2925c3
326471 (base 10) to base 15
66aeb
Convert 3313120211 (base 4) to base 13.
2962a0
3acba (base 13) to base 2
11010110100001010
220211221202102 (base 3) to base 6
1151020402
-2b7c3b3 (base 13) to base 7
-226461442
Convert 34210300 (base 5) to base 15.
60050
What is 932ac (base 13) in base 16?
407b8
What is -303662 (base 8) in base 14?
-28786
Convert 30302100230 (base 4) to base 13.
9046c1
Convert -65581 (base 10) to base 9.
-108857
2101341 (base 5) to base 9
52410
Convert 58274 (base 11) to base 12.
40868
What is -12333232 (base 6) in base 12?
-174218
-51306325 (base 7) to base 14
-7d8985
What is -3356a8 (base 12) in base 15?
-11270b
Convert -25b9a5 (base 12) to base 6.
-21154325
Convert 227ca4 (base 13) to base 14.
173b8d
-828265 (base 10) to base 8
-3121551
What is 13522603 (base 7) in base 10?
1266310
Convert 6064470 (base 10) to base 12.
2045646
-100100000000100110 (base 2) to base 5
-14204434
Convert -10310221113 (base 4) to base 11.
-793907
What is -231323124 (base 6) in base 15?
-595d11
What is -340341322 (base 5) in base 14?
-2ad502
Convert 3442b8 (base 12) to base 6.
25533552
-221111012212 (base 3) to base 12
-202412
What is -12100002 (base 5) in base 8?
-333566
What is 45567c (base 13) in base 2?
110010000011010001111
What is 37c72 (base 15) in base 11?
111a68
-144594e (base 15) to base 8
-67704377
What is 8b9d7 (base 15) in base 9?
746474
What is -101001011011001001010 (base 2) in base 14?
-274962
-1205212 (base 7) to base 5
-14344320
132033320 (base 6) to base 14
4c1c08
What is 30bb89 (base 14) in base 11?
a24683
What is -11022011211 (base 3) in base 6?
-1452034
Convert 1000000000011001101 (base 2) to base 15.
52aee
What is 6c56a (base 15) in base 5?
42023400
-25401 (base 15) to base 13
-4223b
414714 (base 8) to base 9
228763
Convert -10e6ef (base 16) to base 13.
-2ca254
-98ac17 (base 13) to base 5
-1410003033
-330230211 (base 4) to base 9
-418026
What is 43a327 (base 13) in base 5?
401441430
Convert -23300000301 (base 4) to base 13.
-83b038
-85a331 (base 14) to base 12
-16213b3
-ad78 (base 16) to base 5
-2410113
7090ce (base 16) to base 6
422041130
-6d784 (base 14) to base 7
-2163224
10d5532 (base 14) to base 6
444223144
-3210bc (base 15) to base 12
-96b013
Convert -756575 (base 12) to base 6.
-103443425
Convert -a34c03 (base 16) to base 15.
-e15da2
-13ca36 (base 14) to base 7
-5563566
What is -1215125 (base 8) in base 4?
-1101221111
Convert 152037 (base 9) to base 15.
1c9d1
-24275036 (base 8) to base 7
-63246401
3175675 (base 8) to base 14
18212d
Convert 259518 (base 10) to base 2.
111111010110111110
What is 7732607 (base 8) in base 13?
579b4b
-3111113322 (base 5) to base 8
-30156272
Convert 95bb (base 14) to base 15.
79cb
What is 3132331310 (base 4) in base 10?
913268
What is -1355523 (base 7) in base 3?
-100020201200
Convert 612211 (base 7) to base 14.
29cb1
What is -61b68 (base 13) in base 7?
-1330454
60315632 (base 7) to base 6
255030052
11111101110001110000010 (base 2) to base 11
476a849
8047a2 (base 11) to base 15
1a892b
9304144 (base 10) to base 3
122111200212221
What is -221b61 (base 14) in base 9?
-2153662
What is -111110211002 (base 3) in base 16?
-40c07
5b37c8 (base 14) to base 6
150523140
Convert -61c619 (base 14) to base 9.
-6178036
Convert 100001010010101111 (base 2) to base 15.
2a612
Convert 12600254 (base 8) to base 2.
1010110000000010101100
What is 85cea (base 15) in base 16?
67b5b
Convert 73427 (base 9) to base 8.
136517
What is 1021022022 (base 4) in base 15?
5dbc3
What is -58770 (base 13) in base 3?
-22012202020
Convert 11427022 (base 8) to base 16.
262e12
What is -5d2980 (base 14) in base 12?
-10a1584
7d928a (base 14) to base 3
22001220221011
Convert 19894a8 (base 11) to base 7.
40323614
Convert 2aa0c68 (base 13) to base 14.
1b56092
Convert 136a79 (base 12) to base 15.
65a46
-681607 (base 10) to base 13
-1ab324
Convert -3dd96e (base 16) to base 10.
-4053358
What is -29663a (base 15) in base 16?
-1e74fe
What is 10010000110100100 (base 2) in base 14?
1d044
What is 2414254 (base 8) in base 11?
412144
What is 322aa (base 12) in base 15?
148a7
-61000 (base 14) to base 13
-82217
What is -556829 (base 11) in base 12?
-369699
343b709 (base 12) to base 9
20785120
Convert 30210554 (base 6) to base 2.
11010001001100100110
Convert -43323422 (base 5) to base 10.
-370487
Convert -29a336 (base 13) to base 7.
-11455